et q(i) = -i + 4. Let g be q(-4). What is the remainder when 118/g*32/8 is divided by 20?
19
Suppose -4*n = -n - 12. Suppose -2*k = -n*k + 80. What is the remainder when k is divided by 14?
12
Let a(l) = l - 5. Suppose -h - 11 = 5*o, 0 = -3*h - 3*o + 2*o - 5. What is the remainder when a(13) is divided by 6 + (-1 + h - -1)?
3
Let i(z) = z**2 + 4*z + 5. Suppose 0 = -2*n + 4*g + 42, -3*n - 3*g = -6*n + 72. What is the remainder when n is divided by i(-5)?
7
Suppose 0 = 6*t - 5*t - 46. Calculate the remainder when t is divided by 18.
10
What is the remainder when 891/7 - 2/7 is divided by 32?
31
Let t(v) = -2*v**3 - 2*v**2 - 2*v - 1. What is the remainder when 30 is divided by t(-2)?
8
Suppose 8*y - 80 = -0*y. Calculate the remainder when 147 is divided by y.
7
Suppose 21 = -3*a - m - 144, -4*a = -m + 220. Let g = a + 81. Calculate the remainder when g is divided by 9.
8
Calculate the remainder when 29 is divided by (-6)/9 + (-94)/(-6).
14
Suppose -n = -5*q + 55, -3*n + 2*n = 4*q - 35. What is the remainder when q is divided by 6?
4
Let f(k) = 6*k**2 - k - 1. Let u(a) = -21*a - 1. Let h be u(-1). Let b = h - 16. Calculate the remainder when f(-1) is divided by b.
2
Suppose 26 = 5*b - 54. Suppose -q - q = -24. Calculate the remainder when (24/(-10))/(q/(-150)) is divided by b.
14
Suppose -2*r - 19 + 7 = -3*b, 0 = -4*b. Let w = 24 + r. Calculate the remainder when 70 is divided by w.
16
Let a(h) = -h + 4. Let j be (12 + 2)/(1*-2). Calculate the remainder when a(j) is divided by 7.
4
Let g(i) = -4*i. Let q(n) = 17*n - 1. Let f(v) = 9*g(v) + 2*q(v). Let o be 2 + (1 - (1 + 6)). What is the remainder when 11 is divided by f(o)?
5
Let t = 114 + -41. Let y = t - 39. What is the remainder when y is divided by 8/(4*2/12)?
10
Let t = -3 + 7. Suppose 0 = t*a - 15 + 3. Calculate the remainder when 1/a - (-62)/3 is divided by 11.
10
Let j be (-1)/(-3) - (-46)/6. Let v = 29 - j. What is the remainder when 61 is divided by v?
19
Let b = 63 + -44. Calculate the remainder when b is divided by 9.
1
Suppose 2*l = -5*o + 10, -4*l - 2*o + 10 = -2*l. Let k be -1 + l + 0 + 3. Calculate the remainder when 15 is divided by -3 + k + -1 + 3.
3
Calculate the remainder when 468/12 - 1*4 is divided by 13.
9
Let a(m) = -2*m**3 - m - 1. Suppose 4 - 7 = 3*l. What is the remainder when 3 is divided by a(l)?
1
Let q(k) = -5*k**2 + 1 + k**3 + 5*k + 2*k - 2*k. Suppose -4*j + 5*w + 61 = 0, j + 3*w + 4 = -2. Calculate the remainder when q(5) is divided by j.
8
Let z = 67 - 22. What is the remainder when z is divided by 16?
13
Let i(l) = -2*l + 57. Calculate the remainder when i(0) is divided by 16.
9
Suppose 456 = 16*f - 24. Calculate the remainder when 148 is divided by f.
28
Suppose 0 = 3*o - 1 - 11. Let j be (-6)/o*-2 - 1. Let k = 8 + j. What is the remainder when 28 is divided by k?
8
Let z = 5 - 6. Let p = z - -5. Suppose 2*u - 120 = -p*o, -3*o - o = -5*u - 106. Calculate the remainder when o is divided by 10.
9
Suppose -2*l = -h - 10, 10 = -2*h + 2. Suppose u - 11 = -4*v + 11, -3*u + 36 = -l*v. What is the remainder when u is divided by 4?
2
Let d(f) be the second derivative of -2*f**3/3 - 9*f**2/2 - 3*f. Calculate the remainder when 67 is divided by d(-8).
21
Let q(y) = 5*y**2 - 3*y + 2. Calculate the remainder when 28 is divided by q(2).
12
Suppose 0 = -4*k + 2*k + 6. Let x be k*10/6*1. Suppose 2*a - x*a = -39. Calculate the remainder when a is divided by 7.
6
Let l(j) = j**2 - 8*j + 3. Let k be l(7). What is the remainder when 40 is divided by (-42)/k*(1 - -1)?
19
Let a be 2/((-62)/(-64) + -1). Let j = a + 149. Calculate the remainder when j is divided by 22.
19
Let j(z) = z**2 + 10*z - 19. What is the remainder when j(-13) is divided by 6?
2
Calculate the remainder when (-54)/(-36) - (-142)/4 is divided by 10.
7
Suppose 0 = -u + o + 1, -2 = 2*u + 3*o + 6. Calculate the remainder when 67 is divided by u/3 - 280/(-12).
21
Suppose b = -4*b + 55. Suppose -2*t - 12 = -4*t. What is the remainder when b is divided by t?
5
Suppose -8 + 3 = -n. Suppose -4 = -3*f - f. Suppose 3*q - 5 = f. Calculate the remainder when n is divided by q.
1
Let k be 36/(-3)*(-16)/(-6). What is the remainder when (-8)/k + 214/8 is divided by 14?
13
Let n(c) = 2*c**3 - c**2 + 6*c - 1. What is the remainder when n(3) is divided by 21?
20
Suppose -31 + 11 = -5*m, 0 = 5*z - 3*m - 68. Let a(f) = -f**3 + 4*f**2 + 6*f + 1. What is the remainder when z is divided by a(5)?
4
Suppose 5*n = -3*o, 4*n = -0*o - o. Suppose 5*y - 40 + 5 = o. Calculate the remainder when 22 is divided by y - (1 - (2 + 0)).
6
Let v = 19 + -16. Calculate the remainder when v is divided by 1.
0
Let u(g) = -2*g**2 + 3. Let s be u(2). Let t(i) = 3*i**2 + 2. Calculate the remainder when t(s) is divided by 20.
17
Suppose 12*s - 22*s = -2180. What is the remainder when s is divided by 17?
14
Suppose -5*k - 2*n + 21 = -0*n, 2*k + n = 8. Let t = -2 + 2. Suppose t = -5*w + 2*l + 187, w + k*l - 59 = -0*w. What is the remainder when w is divided by 10?
9
Let t be (-12)/(-3 + (-15)/(-4)). What is the remainder when 6 is divided by (t/(-12))/(4/6)?
0
Suppose 6*i - i - 45 = 2*v, -3*i + 41 = -4*v. Let z(s) be the first derivative of -s**2 - 5*s - 1. Calculate the remainder when i is divided by z(-4).
1
What is the remainder when 29 is divided by 8/(-2 + 4 + -1)?
5
What is the remainder when -4 - (16/4 - 49) is divided by 22?
19
Let v = -16 + 28. Suppose 36 - 2 = z. What is the remainder when z is divided by v?
10
Suppose -l = -2*x - 3*l + 22, 0 = 3*x - 5*l - 57. What is the remainder when x is divided by 9?
5
Let j(h) = -7*h - 4. Suppose 0*v + 2*v - 10 = 0. Suppose -x - w + 0*w + 15 = 0, -v*x = -4*w - 57. What is the remainder when j(-4) is divided by x?
11
Let n = 35 + -20. What is the remainder when n is divided by 4?
3
Suppose -4*m + 136 = -4*j, 4*j + 138 = 5*m - 29. Suppose -p + 51 = -3*b, 3*p = 2*p - 2*b + m. Calculate the remainder when p is divided by 8.
7
Let g(i) = -i**3 - 26*i**2 + 29*i + 55. Calculate the remainder when 6 is divided by g(-27).
0
Suppose q + 2*i - 8 = 0, 6*i - 16 = -4*q + 2*i. Let m = 3 + q. Suppose 4*p - m*f = 148, -48 + 166 = 3*p - 4*f. Calculate the remainder when p is divided by 12.
10
What is the remainder when (-1 + 3/5)*-65 is divided by 3?
2
Let z(i) = -2*i**2 - 1. Let h(v) = v + 6. Let w be h(-5). Let t be z(w). Calculate the remainder when 43 is divided by (-2)/t*66/4.
10
Suppose -3*h + 31 + 38 = 0. Calculate the remainder when h is divided by 13.
10
Let f be (-1 - -2)*-1*4. Let p = f - -12. Suppose -12 + 42 = 2*g. Calculate the remainder when g is divided by p.
7
Suppose 2*w - 5*d + 1 = 144, w = d + 73. Calculate the remainder when w is divided by 13.
9
Suppose 4*j = 3*g - 7*g + 96, -4*j - 30 = -2*g. What is the remainder when 40 is divided by g?
19
Let q = 13 - 7. Suppose -2*z + 6 = -q. Let m(p) = -p + 8. Calculate the remainder when m(z) is divided by 1.
0
Let v(s) = s**3 + 11*s**2 + 10*s + 8. Calculate the remainder when 31 is divided by v(-10).
7
What is the remainder when 5 is divided by (8/6)/((-14)/(-21))?
1
Let y = -28 - -38. What is the remainder when y is divided by 8?
2
Let n be -4 - 14/(-2) - -10. Let f = 3 + n. Let o = 148 - 102. Calculate the remainder when o is divided by f.
14
Let v(q) = 529*q - 1. Let g be v(1). What is the remainder when (-6)/(-21) + g/14 is divided by 20?
18
Let n = -28 + 51. What is the remainder when n is divided by 6?
5
Let q = 3 + -2. Let o = q + -1. Suppose v + z + 5 - 11 = o, -v + 8 = 3*z. Calculate the remainder when v is divided by 3.
2
Let x = -171 + 233. Let y(h) = 43*h**2 - 1. Let m be y(1). Let d = m - 21. What is the remainder when x is divided by d?
20
Let a(q) = 5*q - 3 + 1 + 3. Suppose 4*k + 3*s - 13 = 0, k - 1 = s + 4. What is the remainder when 40 is divided by a(k)?
19
Let n = -18 - -27. What is the remainder when 34 is divided by n?
7
Let q be 15/(-2)*(-8)/6. Suppose -q = -2*l + h, 4*l - h - 24 = 3*h. Suppose m = 4 + 2. What is the remainder when m is divided by l?
2
Let a = -47 + 62. Calculate the remainder when 44 is divided by a.
14
Suppose 3*a - 15 + 6 = 0. What is the remainder when a is divided by 1?
0
Let s = -88 - -124. What is the remainder when s is divided by 10?
6
Let q = -4 + 106. What is the remainder when q is divided by 26?
24
Let z be (-1)/2